 (-7 + 5 + -6)?
3
Calculate (7 + (4 - 11) - -7) + 13.
20
Calculate 1832 + -1797 - (13 + 0).
22
Evaluate (-9 - -15) + 2 + 0 - -2.
10
(-9 + 24 - 11) + (-4 - -3)
3
10 + (-14 + -11 + 15 - (0 + -5))
5
What is 17 + -34 + 27 + -10?
0
(-2 - -34) + (-1 - 9) + 720 + -710
32
Calculate -16 - (6 + -3 - 7) - (-5 - -7).
-14
Evaluate (-6 - -10) + -9 - -13.
8
Evaluate 14 + 7 + -31 + -1.
-11
What is -12 - ((0 - 7) + -228 + 232)?
-9
What is -2 + -3 + 4 - (-9 - -7)?
1
Evaluate -5 - (-9 + -6 + 7 - -7).
-4
Evaluate -29 - (11 + (-57 - -11)).
6
What is (-17 - -6) + 23 + -18 + 29?
23
Calculate (16 - (-7 - 4 - -8 - -4)) + 11.
26
What is -13 + (-10 - -45) - (14 + -8)?
16
Calculate -12 - -18 - (1 + 28 + 3).
-26
What is the value of 16 - (-2 + (9 - 21) - -9)?
21
What is the value of 86 + -91 - (-4 + 0) - 9?
-10
What is the value of 17 - (10 + -15) - 9?
13
What is -5 + -2 - (-13 + 0) - (2 + 7)?
-3
8 - (-2 + 4 + -1 - 2) - 0
9
What is the value of 27 + (-3 - 6) + -4 + -3?
11
What is -8 + (-3 - -4 - 5) - -9?
-3
1 + 2 + (-12 - -3 - -14)
8
Evaluate (7 - (-2 + -6 + 8)) + -4 - 7.
-4
What is the value of 5 - ((12 + 3 - 17) + (-7 - 1))?
15
What is 6 + 5 + -6 + 0?
5
2 + 10 + (63 - 89)
-14
27 - 35 - ((-6 - -4) + -3)
-3
What is the value of 6 + (-16 - (-3 + 9 + 2))?
-18
What is the value of 9 - (-13 - -26) - 9?
-13
Evaluate (-3 - -4) + (-5 - -5 - 2 - 10).
-11
Calculate (11 - (7 - (-10 - (-9 - 0)))) + -16.
-13
What is the value of -19 + (23 - (-5 - -18) - (2 + 6))?
-17
Calculate -7 + (-4 - ((-1 - -5) + -9)).
-6
-10 + 11 + -24 - -12
-11
What is the value of 2 + -9 - (22 + -27)?
-2
Evaluate (-6 - (-4 - -6)) + (6 - 8 - -1).
-9
Evaluate 24 + 1 + -23 - -19.
21
6 + (19 - (0 - -16))
9
-28 + 30 + (-4 - 9) - -9
-2
What is 7 - 19 - -6 - 7 - -27?
14
(-6 - (-7 - 6)) + -3
4
Calculate -3 - ((-2 - 5) + 0 + (8 - -15)).
-19
-1 + 1 + -97 + 119 + -13
9
Calculate 10 + (-10 - -11 - 9).
2
Calculate -13 - -18 - (-5 - -1) - -10.
19
1 + -9 + (-9 - -7 - 1)
-11
Evaluate 19 + 7 + -2 + -21.
3
Evaluate (-36 - -17) + (32 - 14).
-1
What is 4 - -9 - ((-15 - -19) + -9)?
18
What is ((-10 - 7 - -8) + -8 - 5) + 4?
-18
Evaluate (-11 - -22 - 20 - -8) + 3.
2
Calculate 6 - -6 - ((3 - 4) + 6 - 4).
11
Evaluate 7 - (-38 + (-20 - -94)).
-29
What is the value of -13 + 1 + 59 + -55 + -17?
-25
What is the value of (-4 + -3 + -3 + 4 - 11) + 1?
-16
Evaluate (-2 - 1) + -8 + -50 + 56.
-5
What is 3 + 7 + (-4 - -4) + -7 + -7?
-4
-7 + (-1 - (7 - 0) - (0 - 39))
24
Calculate 1 + -1 + 23 + -40 + 18 + 7.
8
What is 265 + -272 + -1 + (-3 - -17)?
6
Calculate 22 + -14 - -8 - 3.
13
1 + 4 + (-3 - -10)
12
Calculate 1 + -3 + 38 + -6 + -8 + -6.
16
5 - (-14 + -2 + 15) - -4
10
Evaluate (-1 - (1 + -3)) + (5 - (12 - 12)).
6
What is 2 + (0 + 2 - -2) - (-34 - -29)?
11
Evaluate -14 - (-9 + (1 - 2 - (15 - 34))).
-23
What is 18 + -5 - (10 - 10 - -14)?
-1
Calculate (-16 - 8) + (13 + -2 - 10).
-23
What is -2 + (4 - (40 - 47 - (0 + -12)))?
-3
Calculate (35 - 31) + 2 + -33 + (-20 - -26).
-21
-2 - 7 - (-2 + -16)
9
Evaluate (3 - 1) + -4 + (-5 - -2) + 7.
2
-6 - (-9 - (-7 - -6))
2
What is 9 - (66 + -25 + -28)?
-4
What is the value of -7 + -16 + (5 - -7)?
-11
What is the value of -4 + 13 + -41 + (-12 + 23 - 6)?
-27
-17 + 6 - -4 - (-23 + 6 - -7)
3
What is (26 - 18) + -4 + 3?
7
Evaluate 12 - (-9 + (15 - -6)).
0
What is (11 - 26) + (-36 - -59)?
8
Evaluate (36 - 41 - (1 + 0)) + -3.
-9
-11 + 3 + 4 + (46 - 22) + -6
14
What is the value of 651 + -637 + (-1 - 17)?
-4
Calculate 15 + (21 - 17 - 7) + (0 - 6).
6
Calculate (-1 - 2 - (-8 - -2)) + (1 - 7).
-3
3 + -25 + 12 - 3
-13
What is the value of -22 + 31 + 11 + (-1 - 3) + 2?
18
-15 + 36 + -30 - 2
-11
What is -7 + -9 + (12 - -9) - -1?
6
Calculate (-16 - (11 - 13)) + -2 - 6.
-22
Calculate -74 + 85 - (1 + -1 - -5).
6
What is the value of (15 + 4 - (3 - -2)) + 2 + -6?
10
What is 31 + (-7 - 7) + 2 + -2?
17
-100 + 18 + 44 - -41
3
-28 - -32 - -19 - 26
-3
What is -89 + 91 - (0 + 7)?
-5
Evaluate (162 - 121) + -4 + -12.
25
What is the value of -6 + (-12 - -12 - -6) + -5?
-5
What is the value of 1 + 3 - (-21 - (-12 - -1))?
14
Evaluate (13 - 51) + 20 + 5.
-13
What is (13 + -37 - -1) + 20?
-3
-2 + (-17 - -2 - (-2 - (-3 - 0)))
-18
What is -6 - (-8 + -7 - -13)?
-4
What is -21 - (-10 + (-5 - (-10 - -2)) + 0)?
-14
Evaluate (0 - (4 + -1)) + (-186 - -191).
2
Evaluate -31 + (-1 - 5) + (34 - (15 - -17)).
-35
5 + -21 + (5 - (0 + 9))
-20
-4 + 17 + 13 - 6
20
Evaluate 681 + -682 - (-13 - -3 - -2).
7
What is 12 + -6 - (10 - 4 - -2)?
-2
Evaluate 6 - (-5 - 1) - 10 - -9.
11
4 - (4 + (12 - 8)) - -3 - -8
7
Calculate -2 - (1 - 0) - (-11 + 16 + -7).
-1
Evaluate (5 - 22 - -3) + 15.
1
Evaluate 1 + -10 + 192 + -183.
0
Evaluate (15 - 55) + 10 - -17.
-13
Calculate 28 + (-16 - 4) + -14.
-6
What is (-13 - -6) + (4 - (1 - 1) - 1)?
-4
Evaluate -1 - (-15 + (32 - 10) + -12).
4
What is the value of (-17 - -35) + (-19 - 12)?
-13
Evaluate 43 - (18 + (-26 - -30)).
21
Calculate -20 + (11 - -8) + (-2 - -7) + -10.
-6
What is 246 + -255 + -3 + 1?
-11
What is -1 + 4 + (-8 - 8) + -1?
-14
Calculate 2 + (13 - -6) + -11.
10
Evaluate 75 + -69 - ((2 - 4) + -4).
12
Evaluate 6 + -13 + -5 + 39.
27
What is the value of 5 + (1 - -3) + -6?
3
4 - (-16 - (6 + -34))
-8
What is 30 + (7 + -6 - 34)?
-3
1 + 3 + (9 - (-2 + 9 - -12))
-6
(9 - (2 + 5)) + -6 + -2
-6
What is the value of -8 + (-15 - -34) + 11?
22
What is the value of 0 + (2 + (5 - 1) - (6 + 3))?
-3
What is 3 + -11 - -2 - (1 - 31)?
24
10 + (-36 - (-3 + (0 - 7)))
-16
Calculate -7 + -12 + 2 + 27.
10
What is (0 - 5) + 2 + -5 - 3 - -6?
-5
What is (19 + -23 - -18) + -52 - -18?
-20
-16 - (1 + (-48 - -23))
8
Calculate (-17 - (-5 + -4)) + -4 + 3.
-9
0 + -19 + (-10 - 16 - -28)
-17
What is the value of (12 - (-4 - (-21 - -11))) + 11?
17
Calculate (-1 - (2 - 8)) + (-1851 - -1840).
-6
Calculate (-2 - 2) + -359 + 360.
-3
What is 20 - 30 - (1 + -3)?
-8
What is (316 - 309) + (-1 + -7 - -1) - -10?
10
What is -14 - (-32 + 3 + 12)?
3
What is the value of (-19 - (11 + -11)) + 4?
-15
What is the value of 27 + -21 + 2 - (1 + -2 + 13)?
-4
Calculate 12 + 0 + -18 + (-1 - -11).
4
What is the value of (190 - 183) + (1 - 0 - -4)?
12
What is (-5 - (3 + 2 + -2)) + (-7 - -1)?
-14
-35 + (43 - 20) - (2 - (1 + 7))
-6
(0 - -1) + (6 - 23) - 15
-31
Calculate 982 + -991 - (-10 - -1).
0
Evaluate 3 - ((-44 - -42 - (-11 + -1)) + -10).
3
80 - 102 - (-28 + -8)
14
Evaluate 15 + (16 - -6 - 9 - 3) + -4.
21
Evaluate -19 - (-18 + -7 + 7) - (1 + -1).
-1
Evaluate (-15 - 11 - 11 - -14) + 7.
-16
Calculate (-5 - (3 + -6)) + 15 + -12 + 7.
8
What is (0 - ((-2 - 4) + (-4 - -8))) + 0?
2
Calculate 25 + 3 - (29 - (-11 - -27)).
15
Calculate 6 - (9 + (-5 - -4) - 9).
7
Evaluate -2 - 0 - (63 - 67).
2
(14560 - 14570) + (7 - 1 - 0)
-4
What is -1 + -6 + (444 - 412)?
25
Calculate -16 + 63 + -25 - 21.
1
(22 + 1 - (-158 + 170)) + 10
21
Evaluate -14 + (19 - -2) + -15 + 4 + -2.
-6
What is the value of 3 + -2 + -35 + 18?
-16
What is the value of 13 - -9 - (18 + (-2 - -3))?
3
What is (32 - 41) + 7 + -2 + -6?
-10
What is -15 + (-6 - (9 + -24))?
-6
What is (-7 - -4 - 3) + (-5 - -8) - 21?
-24
What is the value of -7 + -21 + (77 - 24)?
25
Evaluate 0 - ((8 - 5) + 3 - 13).
7
Evaluate (-9 - -2) + (-12 - -1 - -29).
11
Calculate -1 - (6 + (-13 - -6) - -10).
-10
Evaluate -90 + 20 + 52 - (0 + -34).
16
22 + (-34 - -24) + -6
6
Calculate (1 - -39) + (-36 - -9).
13
-46 + 63 - (-3 + 26)
-6
-533 + 527 + (3 - 20)
-23
What is -3 + 7 - -10 - 19?
-5
Calculate (-4 + 4 - -22) + -2 + 6 + -10.
16
What is 15 + -2 - ((6 - -8) + 24)?
-25
Evaluate -24 + 1 + 3 + -8 + 6.
-22
What is (9 - -17) + -15 + -11 + 5?
5
(-196 - -228) + (2 - (12 + 4))
18
-1 + 13 + 1 - 16
-3
Calculate -23 - (-32 + 20 + -6).
-5
-15 + -3 - ((10 - -15) + -21)
-22
What is 144 + -162 + (2 - -11) - -14?
9
Evaluate 18 - (6 - (-5 + 7 + 0 + -3)).
11
What is (19 + -19 - 16) + -13?
-29
Evaluate 0 + 1 + -7 - (-230 + 232).
-8
What is (-32 + 3 - -28) + 2 + 8?
9
Evaluate -7 + (9 - (-2 - (-35 + 9))).
-22
What is (-19 - (0 + -9 + 3)) + (0 - -6)?
-7
Calculate (-11 - (-11 + 6)) + 20 + 3 + 3.
20
What is the value of 1 + -5 + (0 + -17 - -26) - -6?
11
Evaluate (-12 - -13) + 10 - 10.
1
190 + -200 + (11 - (-2 - (0 + -5)))
-2
What is the value of 22 + 0 + 79 + -88?
13
What is the value of -4 + (3 - 3) + 18 + 11 + -35?
-10
Evaluate -22 + 21 + 5 + (-5 - 6) + 2.
-5
What is (6 + -17 - -8) + -